{"id":16830,"date":"2019-07-05T13:14:38","date_gmt":"2019-07-05T10:14:38","guid":{"rendered":"https:\/\/www.openhousevilnius.lt\/?page_id=16830"},"modified":"2022-05-19T02:35:49","modified_gmt":"2022-05-18T23:35:49","slug":"2022-programme","status":"publish","type":"page","link":"https:\/\/www.openhousevilnius.lt\/2022\/en\/2022-programme\/","title":{"rendered":"Programme"},"content":{"rendered":"\n<p>The theme of this year&#8217;s Open House Vilnius event is Challenging Architecture. Guided tours will be held in more than 50 buildings on May 28-29 at the times indicated. Tours are not pre-registered. You can participate in them on a \u201elive\u201c basis. An artistic performance awaits you in one of the buildings. All information about the event and the program can also be found in the mobile app \u201eOHVilnius\u201c.<\/p>\n","protected":false},"excerpt":{"rendered":"<p>The theme of this year&#8217;s Open House Vilnius event is Challenging Architecture. Guided tours will be held in more than 50 buildings on May 28-29 at the times indicated. Tours are not pre-registered. You can participate in them on a \u201elive\u201c basis. An artistic performance awaits you in one of the buildings. All information about [&hellip;]<\/p>\n","protected":false},"author":1,"featured_media":12382,"parent":0,"menu_order":0,"comment_status":"closed","ping_status":"closed","template":"buildings.php","meta":{"_acf_changed":false,"footnotes":""},"class_list":["post-16830","page","type-page","status-publish","has-post-thumbnail","hentry"],"acf":[],"yoast_head":"<!-- This site is optimized with the Yoast SEO plugin v26.8 - https:\/\/yoast.com\/product\/yoast-seo-wordpress\/ -->\n<title>Programme - 2022 m. archyvas<\/title>\n<meta name=\"description\" content=\"The theme of this year&#039;s Open House Vilnius event is Challenging Architecture. Guided tours will be held in more than 50 buildings on May 28-29 at the times indicated. Tours are not pre-registered. You can participate in them on a &quot;live&quot; basis. An artistic performance awaits you in one of the buildings. All information about the event and the program can also be found in the mobile app &quot;OHVilnius&quot;.\" \/>\n<meta name=\"robots\" content=\"index, follow, max-snippet:-1, max-image-preview:large, max-video-preview:-1\" \/>\n<link rel=\"canonical\" href=\"https:\/\/www.openhousevilnius.lt\/2022\/en\/2022-programme\/\" \/>\n<meta property=\"og:locale\" content=\"lt_LT\" \/>\n<meta property=\"og:type\" content=\"article\" \/>\n<meta property=\"og:title\" content=\"Programa\" \/>\n<meta property=\"og:description\" content=\"Pastatai mums gali kelti \u012fvairius jausmus \u2013 jaudinti, stulbinti, \u012fkv\u0117pti, su\u017eav\u0117ti, u\u017egniau\u017eti kvap\u0105, sukelti prisiminim\u0173 bang\u0105, gluminti ar net bauginti. Tiek architektas, tiek pastato \u017ei\u016brovas ar lankytojas savo santyk\u012f su pastatu patiria savitai. \u0160iemet Open House Vilnius kvie\u010dia pasinerti \u012f architekt\u016br\u0105 ir atrasti, kokius jausmus mums sukelia pastatai, koki\u0105 \u017einut\u0119 savo pastatuose u\u017ekodavo architektai, kaip j\u0105 suprantame dabar ir supratome prie\u0161 pus\u0119 am\u017eiaus.\" \/>\n<meta property=\"og:url\" content=\"https:\/\/www.openhousevilnius.lt\/2022\/en\/2022-programme\/\" \/>\n<meta property=\"og:site_name\" content=\"2022 m. archyvas\" \/>\n<meta property=\"article:modified_time\" content=\"2022-05-18T23:35:49+00:00\" \/>\n<meta property=\"og:image\" content=\"https:\/\/www.openhousevilnius.lt\/wp-content\/uploads\/2021\/05\/2021-plakatas.jpg\" \/>\n<meta name=\"twitter:card\" content=\"summary_large_image\" \/>\n<meta name=\"twitter:label1\" content=\"Est. reading time\" \/>\n\t<meta name=\"twitter:data1\" content=\"1 minute\" \/>\n<script type=\"application\/ld+json\" class=\"yoast-schema-graph\">{\"@context\":\"https:\/\/schema.org\",\"@graph\":[{\"@type\":\"WebPage\",\"@id\":\"https:\/\/www.openhousevilnius.lt\/2022\/en\/2022-programme\/\",\"url\":\"https:\/\/www.openhousevilnius.lt\/2022\/en\/2022-programme\/\",\"name\":\"Programme - 2022 m. archyvas\",\"isPartOf\":{\"@id\":\"https:\/\/www.openhousevilnius.lt\/2022\/#website\"},\"primaryImageOfPage\":{\"@id\":\"https:\/\/www.openhousevilnius.lt\/2022\/en\/2022-programme\/#primaryimage\"},\"image\":{\"@id\":\"https:\/\/www.openhousevilnius.lt\/2022\/en\/2022-programme\/#primaryimage\"},\"thumbnailUrl\":\"https:\/\/www.openhousevilnius.lt\/2022\/wp-content\/uploads\/sites\/19\/2021\/05\/2021-plakatas.jpg\",\"datePublished\":\"2019-07-05T10:14:38+00:00\",\"dateModified\":\"2022-05-18T23:35:49+00:00\",\"description\":\"The theme of this year's Open House Vilnius event is Challenging Architecture. Guided tours will be held in more than 50 buildings on May 28-29 at the times indicated. Tours are not pre-registered. You can participate in them on a \\\"live\\\" basis. An artistic performance awaits you in one of the buildings. All information about the event and the program can also be found in the mobile app \\\"OHVilnius\\\".\",\"breadcrumb\":{\"@id\":\"https:\/\/www.openhousevilnius.lt\/2022\/en\/2022-programme\/#breadcrumb\"},\"inLanguage\":\"lt-LT\",\"potentialAction\":[{\"@type\":\"ReadAction\",\"target\":[\"https:\/\/www.openhousevilnius.lt\/2022\/en\/2022-programme\/\"]}]},{\"@type\":\"ImageObject\",\"inLanguage\":\"lt-LT\",\"@id\":\"https:\/\/www.openhousevilnius.lt\/2022\/en\/2022-programme\/#primaryimage\",\"url\":\"https:\/\/www.openhousevilnius.lt\/2022\/wp-content\/uploads\/sites\/19\/2021\/05\/2021-plakatas.jpg\",\"contentUrl\":\"https:\/\/www.openhousevilnius.lt\/2022\/wp-content\/uploads\/sites\/19\/2021\/05\/2021-plakatas.jpg\",\"width\":2560,\"height\":996},{\"@type\":\"BreadcrumbList\",\"@id\":\"https:\/\/www.openhousevilnius.lt\/2022\/en\/2022-programme\/#breadcrumb\",\"itemListElement\":[{\"@type\":\"ListItem\",\"position\":1,\"name\":\"Home\",\"item\":\"https:\/\/www.openhousevilnius.lt\/2022\/\"},{\"@type\":\"ListItem\",\"position\":2,\"name\":\"Programme\"}]},{\"@type\":\"WebSite\",\"@id\":\"https:\/\/www.openhousevilnius.lt\/2022\/#website\",\"url\":\"https:\/\/www.openhousevilnius.lt\/2022\/\",\"name\":\"2022 m. archyvas\",\"description\":\"Atviros architekt\u016bros savaitgalis\",\"potentialAction\":[{\"@type\":\"SearchAction\",\"target\":{\"@type\":\"EntryPoint\",\"urlTemplate\":\"https:\/\/www.openhousevilnius.lt\/2022\/?s={search_term_string}\"},\"query-input\":{\"@type\":\"PropertyValueSpecification\",\"valueRequired\":true,\"valueName\":\"search_term_string\"}}],\"inLanguage\":\"lt-LT\"}]}<\/script>\n<!-- \/ Yoast SEO plugin. -->","yoast_head_json":{"title":"Programme - 2022 m. archyvas","description":"The theme of this year's Open House Vilnius event is Challenging Architecture. Guided tours will be held in more than 50 buildings on May 28-29 at the times indicated. Tours are not pre-registered. You can participate in them on a \"live\" basis. An artistic performance awaits you in one of the buildings. All information about the event and the program can also be found in the mobile app \"OHVilnius\".","robots":{"index":"index","follow":"follow","max-snippet":"max-snippet:-1","max-image-preview":"max-image-preview:large","max-video-preview":"max-video-preview:-1"},"canonical":"https:\/\/www.openhousevilnius.lt\/2022\/en\/2022-programme\/","og_locale":"lt_LT","og_type":"article","og_title":"Programa","og_description":"Pastatai mums gali kelti \u012fvairius jausmus \u2013 jaudinti, stulbinti, \u012fkv\u0117pti, su\u017eav\u0117ti, u\u017egniau\u017eti kvap\u0105, sukelti prisiminim\u0173 bang\u0105, gluminti ar net bauginti. Tiek architektas, tiek pastato \u017ei\u016brovas ar lankytojas savo santyk\u012f su pastatu patiria savitai. \u0160iemet Open House Vilnius kvie\u010dia pasinerti \u012f architekt\u016br\u0105 ir atrasti, kokius jausmus mums sukelia pastatai, koki\u0105 \u017einut\u0119 savo pastatuose u\u017ekodavo architektai, kaip j\u0105 suprantame dabar ir supratome prie\u0161 pus\u0119 am\u017eiaus.","og_url":"https:\/\/www.openhousevilnius.lt\/2022\/en\/2022-programme\/","og_site_name":"2022 m. archyvas","article_modified_time":"2022-05-18T23:35:49+00:00","og_image":[{"url":"https:\/\/www.openhousevilnius.lt\/wp-content\/uploads\/2021\/05\/2021-plakatas.jpg","type":"","width":"","height":""}],"twitter_card":"summary_large_image","twitter_misc":{"Est. reading time":"1 minute"},"schema":{"@context":"https:\/\/schema.org","@graph":[{"@type":"WebPage","@id":"https:\/\/www.openhousevilnius.lt\/2022\/en\/2022-programme\/","url":"https:\/\/www.openhousevilnius.lt\/2022\/en\/2022-programme\/","name":"Programme - 2022 m. archyvas","isPartOf":{"@id":"https:\/\/www.openhousevilnius.lt\/2022\/#website"},"primaryImageOfPage":{"@id":"https:\/\/www.openhousevilnius.lt\/2022\/en\/2022-programme\/#primaryimage"},"image":{"@id":"https:\/\/www.openhousevilnius.lt\/2022\/en\/2022-programme\/#primaryimage"},"thumbnailUrl":"https:\/\/www.openhousevilnius.lt\/2022\/wp-content\/uploads\/sites\/19\/2021\/05\/2021-plakatas.jpg","datePublished":"2019-07-05T10:14:38+00:00","dateModified":"2022-05-18T23:35:49+00:00","description":"The theme of this year's Open House Vilnius event is Challenging Architecture. Guided tours will be held in more than 50 buildings on May 28-29 at the times indicated. Tours are not pre-registered. You can participate in them on a \"live\" basis. An artistic performance awaits you in one of the buildings. All information about the event and the program can also be found in the mobile app \"OHVilnius\".","breadcrumb":{"@id":"https:\/\/www.openhousevilnius.lt\/2022\/en\/2022-programme\/#breadcrumb"},"inLanguage":"lt-LT","potentialAction":[{"@type":"ReadAction","target":["https:\/\/www.openhousevilnius.lt\/2022\/en\/2022-programme\/"]}]},{"@type":"ImageObject","inLanguage":"lt-LT","@id":"https:\/\/www.openhousevilnius.lt\/2022\/en\/2022-programme\/#primaryimage","url":"https:\/\/www.openhousevilnius.lt\/2022\/wp-content\/uploads\/sites\/19\/2021\/05\/2021-plakatas.jpg","contentUrl":"https:\/\/www.openhousevilnius.lt\/2022\/wp-content\/uploads\/sites\/19\/2021\/05\/2021-plakatas.jpg","width":2560,"height":996},{"@type":"BreadcrumbList","@id":"https:\/\/www.openhousevilnius.lt\/2022\/en\/2022-programme\/#breadcrumb","itemListElement":[{"@type":"ListItem","position":1,"name":"Home","item":"https:\/\/www.openhousevilnius.lt\/2022\/"},{"@type":"ListItem","position":2,"name":"Programme"}]},{"@type":"WebSite","@id":"https:\/\/www.openhousevilnius.lt\/2022\/#website","url":"https:\/\/www.openhousevilnius.lt\/2022\/","name":"2022 m. archyvas","description":"Atviros architekt\u016bros savaitgalis","potentialAction":[{"@type":"SearchAction","target":{"@type":"EntryPoint","urlTemplate":"https:\/\/www.openhousevilnius.lt\/2022\/?s={search_term_string}"},"query-input":{"@type":"PropertyValueSpecification","valueRequired":true,"valueName":"search_term_string"}}],"inLanguage":"lt-LT"}]}},"_links":{"self":[{"href":"https:\/\/www.openhousevilnius.lt\/2022\/wp-json\/wp\/v2\/pages\/16830","targetHints":{"allow":["GET"]}}],"collection":[{"href":"https:\/\/www.openhousevilnius.lt\/2022\/wp-json\/wp\/v2\/pages"}],"about":[{"href":"https:\/\/www.openhousevilnius.lt\/2022\/wp-json\/wp\/v2\/types\/page"}],"author":[{"embeddable":true,"href":"https:\/\/www.openhousevilnius.lt\/2022\/wp-json\/wp\/v2\/users\/1"}],"replies":[{"embeddable":true,"href":"https:\/\/www.openhousevilnius.lt\/2022\/wp-json\/wp\/v2\/comments?post=16830"}],"version-history":[{"count":2,"href":"https:\/\/www.openhousevilnius.lt\/2022\/wp-json\/wp\/v2\/pages\/16830\/revisions"}],"predecessor-version":[{"id":18502,"href":"https:\/\/www.openhousevilnius.lt\/2022\/wp-json\/wp\/v2\/pages\/16830\/revisions\/18502"}],"wp:featuredmedia":[{"embeddable":true,"href":"https:\/\/www.openhousevilnius.lt\/2022\/wp-json\/wp\/v2\/media\/12382"}],"wp:attachment":[{"href":"https:\/\/www.openhousevilnius.lt\/2022\/wp-json\/wp\/v2\/media?parent=16830"}],"curies":[{"name":"wp","href":"https:\/\/api.w.org\/{rel}","templated":true}]}}