{"id":12134,"date":"2019-07-05T12:44:01","date_gmt":"2019-07-05T09:44:01","guid":{"rendered":"https:\/\/www.openhousevilnius.lt\/2019\/?page_id=12134"},"modified":"2019-07-05T13:41:29","modified_gmt":"2019-07-05T10:41:29","slug":"apie","status":"publish","type":"page","link":"https:\/\/www.openhousevilnius.lt\/2019\/apie\/","title":{"rendered":"Apie"},"content":{"rendered":"\n<p>\u201eOpen House Vilnius\u201c \u2013 tai atviros architekt\u016bros savaitgalis, Vilniuje organizuojamas nuo 2015 m. Renginio tikslas \u2013 sukurti galimyb\u0119 kiekvienam dom\u0117tis architekt\u016bra ir j\u0105 pa\u017einti.<\/p>\n\n\n\n<p>Savaitgalio metu duris atveria Vilniaus pastatai, pasi\u017eymintys architekt\u016bros kokybe, svarba miestui ir bendruomen\u0117ms. Pastatuose programoje nurodytu laiku vyksta ekskursijos, jas veda gidai-savanoriai, pastat\u0173 architektai bei j\u0173 \u201egyventojai\u201d.<\/p>\n\n\n\n<p>\u201eOpen House Vilnius\u201c organizuoja savanori\u0161ka, nevyriausybin\u0117, ne pelno siekianti vie\u0161oji \u012fstaiga \u201eArchitekt\u016bros fondas\u201c.<\/p>\n","protected":false},"excerpt":{"rendered":"<p>\u201eOpen House Vilnius\u201c \u2013 tai atviros architekt\u016bros savaitgalis, Vilniuje organizuojamas nuo 2015 m. Renginio tikslas \u2013 sukurti galimyb\u0119 kiekvienam dom\u0117tis architekt\u016bra ir j\u0105 pa\u017einti. Savaitgalio metu duris atveria Vilniaus pastatai, pasi\u017eymintys architekt\u016bros kokybe, svarba miestui ir bendruomen\u0117ms. Pastatuose programoje nurodytu laiku vyksta ekskursijos, jas veda gidai-savanoriai, pastat\u0173 architektai bei j\u0173 \u201egyventojai\u201d. \u201eOpen House Vilnius\u201c organizuoja [&hellip;]<\/p>\n","protected":false},"author":1,"featured_media":12235,"parent":0,"menu_order":0,"comment_status":"closed","ping_status":"closed","template":"about.php","meta":{"_acf_changed":false,"footnotes":""},"class_list":["post-12134","page","type-page","status-publish","has-post-thumbnail","hentry"],"acf":[],"_links":{"self":[{"href":"https:\/\/www.openhousevilnius.lt\/2019\/wp-json\/wp\/v2\/pages\/12134","targetHints":{"allow":["GET"]}}],"collection":[{"href":"https:\/\/www.openhousevilnius.lt\/2019\/wp-json\/wp\/v2\/pages"}],"about":[{"href":"https:\/\/www.openhousevilnius.lt\/2019\/wp-json\/wp\/v2\/types\/page"}],"author":[{"embeddable":true,"href":"https:\/\/www.openhousevilnius.lt\/2019\/wp-json\/wp\/v2\/users\/1"}],"replies":[{"embeddable":true,"href":"https:\/\/www.openhousevilnius.lt\/2019\/wp-json\/wp\/v2\/comments?post=12134"}],"version-history":[{"count":0,"href":"https:\/\/www.openhousevilnius.lt\/2019\/wp-json\/wp\/v2\/pages\/12134\/revisions"}],"wp:featuredmedia":[{"embeddable":true,"href":"https:\/\/www.openhousevilnius.lt\/2019\/wp-json\/wp\/v2\/media\/12235"}],"wp:attachment":[{"href":"https:\/\/www.openhousevilnius.lt\/2019\/wp-json\/wp\/v2\/media?parent=12134"}],"curies":[{"name":"wp","href":"https:\/\/api.w.org\/{rel}","templated":true}]}}