{"id":21,"date":"2016-03-21T14:14:06","date_gmt":"2016-03-21T12:14:06","guid":{"rendered":"http:\/\/www.openhousevilnius.lt\/?page_id=21"},"modified":"2016-03-22T15:41:05","modified_gmt":"2016-03-22T13:41:05","slug":"veiklos","status":"publish","type":"page","link":"https:\/\/www.openhousevilnius.lt\/2016\/veiklos\/","title":{"rendered":"Veiklos"},"content":{"rendered":"<p>\u201eOpen House Vilnius\u201c savaitgalio metu gal\u0117si ne tik aplankyti pastatus, bet ir sudalyvauti i\u0161skirtiniuose renginiuose. Nuo vaik\u0173 dirbtuvi\u0173, \u017eygio dvira\u010diais iki diskotekos ar individualios eksursijos \u2013 renginiai visame mieste lauks tav\u0119s programoje nurodytu laiku.<\/p>\n","protected":false},"excerpt":{"rendered":"<p>\u201eOpen House Vilnius\u201c savaitgalio metu gal\u0117si ne tik aplankyti pastatus, bet ir sudalyvauti i\u0161skirtiniuose renginiuose. Nuo vaik\u0173 dirbtuvi\u0173, \u017eygio dvira\u010diais iki diskotekos ar individualios eksursijos \u2013 renginiai visame mieste lauks tav\u0119s programoje nurodytu laiku.<\/p>\n","protected":false},"author":1,"featured_media":0,"parent":0,"menu_order":0,"comment_status":"open","ping_status":"open","template":"activities.php","meta":{"_acf_changed":false,"footnotes":""},"class_list":["post-21","page","type-page","status-publish","hentry"],"acf":[],"_links":{"self":[{"href":"https:\/\/www.openhousevilnius.lt\/2016\/wp-json\/wp\/v2\/pages\/21","targetHints":{"allow":["GET"]}}],"collection":[{"href":"https:\/\/www.openhousevilnius.lt\/2016\/wp-json\/wp\/v2\/pages"}],"about":[{"href":"https:\/\/www.openhousevilnius.lt\/2016\/wp-json\/wp\/v2\/types\/page"}],"author":[{"embeddable":true,"href":"https:\/\/www.openhousevilnius.lt\/2016\/wp-json\/wp\/v2\/users\/1"}],"replies":[{"embeddable":true,"href":"https:\/\/www.openhousevilnius.lt\/2016\/wp-json\/wp\/v2\/comments?post=21"}],"version-history":[{"count":3,"href":"https:\/\/www.openhousevilnius.lt\/2016\/wp-json\/wp\/v2\/pages\/21\/revisions"}],"predecessor-version":[{"id":32,"href":"https:\/\/www.openhousevilnius.lt\/2016\/wp-json\/wp\/v2\/pages\/21\/revisions\/32"}],"wp:attachment":[{"href":"https:\/\/www.openhousevilnius.lt\/2016\/wp-json\/wp\/v2\/media?parent=21"}],"curies":[{"name":"wp","href":"https:\/\/api.w.org\/{rel}","templated":true}]}}